at are the prime factors of 11159988?
2, 3, 7, 132857
List the prime factors of 204559.
337, 607
What are the prime factors of 477643?
67, 7129
List the prime factors of 2631166.
2, 257, 5119
List the prime factors of 9602157.
3, 31, 223, 463
What are the prime factors of 1121364?
2, 3, 3461
What are the prime factors of 275932?
2, 101, 683
What are the prime factors of 1104276?
2, 3, 23, 4001
What are the prime factors of 338640?
2, 3, 5, 17, 83
What are the prime factors of 5538078?
2, 3, 7, 13, 23
List the prime factors of 38294381.
43, 79, 11273
What are the prime factors of 15516630?
2, 3, 5, 101, 569
What are the prime factors of 1349333?
113, 11941
What are the prime factors of 94647?
3, 7, 4507
List the prime factors of 67866.
2, 3, 11311
What are the prime factors of 11584217?
11584217
What are the prime factors of 695380?
2, 5, 7, 4967
What are the prime factors of 376942?
2, 29, 67, 97
What are the prime factors of 6426568?
2, 23, 53, 659
What are the prime factors of 1389617?
199, 6983
What are the prime factors of 6005417?
11, 545947
List the prime factors of 15640954.
2, 7, 383, 2917
What are the prime factors of 5211271?
13, 23, 29, 601
List the prime factors of 4943503.
4943503
List the prime factors of 1168006.
2, 7, 19, 4391
What are the prime factors of 3478304?
2, 73, 1489
What are the prime factors of 2324508?
2, 3, 97, 1997
List the prime factors of 3044394.
2, 3, 17, 9949
List the prime factors of 26236.
2, 7, 937
What are the prime factors of 3108389?
751, 4139
What are the prime factors of 45703?
7, 6529
What are the prime factors of 470027?
127, 3701
List the prime factors of 1281216.
2, 3, 6673
List the prime factors of 15175521.
3, 1686169
List the prime factors of 9175726.
2, 7, 503, 1303
List the prime factors of 54693.
3, 59, 103
What are the prime factors of 33230411?
19, 92051
List the prime factors of 8654899.
11, 19, 41411
What are the prime factors of 215895?
3, 5, 37, 389
List the prime factors of 633081.
3, 41, 5147
What are the prime factors of 18749985?
3, 5, 1249999
List the prime factors of 14884104.
2, 3, 620171
What are the prime factors of 326992?
2, 107, 191
What are the prime factors of 2098885?
5, 419777
What are the prime factors of 91702?
2, 13, 3527
What are the prime factors of 305420?
2, 5, 15271
List the prime factors of 328519.
328519
What are the prime factors of 10890885?
3, 5, 127, 5717
List the prime factors of 585583.
251, 2333
List the prime factors of 171121.
211, 811
What are the prime factors of 200899?
200899
List the prime factors of 2080402.
2, 29, 35869
What are the prime factors of 25541878?
2, 149, 85711
List the prime factors of 2580716.
2, 645179
List the prime factors of 2513478.
2, 3, 11, 38083
What are the prime factors of 833904?
2, 3, 5791
What are the prime factors of 21344461?
31, 688531
What are the prime factors of 2069204?
2, 97, 5333
What are the prime factors of 254602?
2, 127301
List the prime factors of 4127958.
2, 3, 53, 4327
List the prime factors of 6761257.
17, 397721
What are the prime factors of 8733855?
3, 5, 13, 44789
What are the prime factors of 24905245?
5, 31, 41, 3919
List the prime factors of 5312368.
2, 61, 5443
List the prime factors of 20107544.
2, 2513443
List the prime factors of 44588.
2, 71, 157
List the prime factors of 144208.
2, 9013
What are the prime factors of 73056?
2, 3, 761
What are the prime factors of 3036511?
3036511
What are the prime factors of 13073478?
2, 3, 11, 198083
List the prime factors of 4342703.
113, 38431
List the prime factors of 1800658.
2, 900329
What are the prime factors of 3133338?
2, 3, 13, 17, 139
List the prime factors of 7171740.
2, 3, 5, 19, 233
List the prime factors of 150248.
2, 7, 2683
What are the prime factors of 43351?
7, 11, 563
List the prime factors of 18889588.
2, 4722397
List the prime factors of 1044391.
1044391
What are the prime factors of 2443402?
2, 13, 7229
List the prime factors of 399405.
3, 5, 26627
What are the prime factors of 7627981?
7627981
List the prime factors of 210377.
79, 2663
List the prime factors of 4663958.
2, 13, 179383
List the prime factors of 10685576.
2, 11, 31, 3917
What are the prime factors of 7061702?
2, 3530851
What are the prime factors of 2389046?
2, 11, 31, 113
List the prime factors of 2433969.
3, 151, 199
List the prime factors of 4268472.
2, 3, 13, 13681
List the prime factors of 375905.
5, 75181
What are the prime factors of 750305?
5, 150061
What are the prime factors of 1869672?
2, 3, 7, 31, 359
List the prime factors of 3873.
3, 1291
List the prime factors of 35463625.
5, 53, 101
List the prime factors of 1642799.
227, 7237
What are the prime factors of 238449?
3, 61, 1303
What are the prime factors of 9481860?
2, 3, 5, 1951
What are the prime factors of 5698340?
2, 5, 284917
List the prime factors of 1137380.
2, 5, 29, 37, 53
What are the prime factors of 445090?
2, 5, 47, 947
List the prime factors of 5130423.
3, 570047
What are the prime factors of 206483?
206483
What are the prime factors of 146769?
3, 7, 29, 241
What are the prime factors of 8537459?
7, 421, 2897
List the prime factors of 1381700.
2, 5, 41, 337
List the prime factors of 2489103.
3, 92189
List the prime factors of 1112044.
2, 173, 1607
What are the prime factors of 3168137?
7, 17, 79, 337
List the prime factors of 11621583.
3, 523, 823
List the prime factors of 1549650.
2, 3, 5, 10331
List the prime factors of 13417426.
2, 11, 59, 10337
What are the prime factors of 115991?
17, 6823
What are the prime factors of 20160738?
2, 3, 13, 3191
What are the prime factors of 523694?
2, 261847
List the prime factors of 3535537.
23, 153719
List the prime factors of 81804.
2, 3, 17, 401
What are the prime factors of 1383110?
2, 5, 138311
What are the prime factors of 100253?
29, 3457
What are the prime factors of 1274106?
2, 3, 131, 1621
What are the prime factors of 20308961?
29, 211, 3319
What are the prime factors of 2009?
7, 41
What are the prime factors of 35999251?
17, 593, 3571
What are the prime factors of 122691?
3, 40897
What are the prime factors of 425979?
3, 1753
What are the prime factors of 4043449?
4043449
What are the prime factors of 2868293?
2868293
What are the prime factors of 209090?
2, 5, 7, 29, 103
List the prime factors of 242233.
17, 14249
What are the prime factors of 378031?
107, 3533
What are the prime factors of 7929919?
67, 71, 1667
What are the prime factors of 16446747?
3, 5482249
What are the prime factors of 20318429?
19, 47, 61, 373
List the prime factors of 4423099.
449, 9851
List the prime factors of 58368.
2, 3, 19
List the prime factors of 16111746.
2, 3, 7, 71, 1801
List the prime factors of 2663651.
2663651
List the prime factors of 518528.
2, 4051
List the prime factors of 94065.
3, 5, 6271
What are the prime factors of 31701646?
2, 757, 20939
List the prime factors of 1951389.
3, 11, 23, 857
List the prime factors of 931893.
3, 19, 16349
List the prime factors of 761637.
3, 253879
What are the prime factors of 520594?
2, 131, 1987
List the prime factors of 175584.
2, 3, 31, 59
What are the prime factors of 16168333?
23, 71, 9901
What are the prime factors of 7266399?
3, 7, 229, 1511
What are the prime factors of 105340?
2, 5, 23, 229
What are the prime factors of 2735565?
3, 5, 7, 26053
What are the prime factors of 11776718?
2, 5888359
What are the prime factors of 105217?
7, 15031
What are the prime factors of 1482193?
1482193
What are the prime factors of 8124414?
2, 3, 1354069
What are the prime factors of 494700?
2, 3, 5, 17, 97
What are the prime factors of 820188?
2, 3, 22783
List the prime factors of 208632.
2, 3, 8693
List the prime factors of 1401144.
2, 3, 79, 739
List the prime factors of 2435656.
2, 304457
What are the prime factors of 31574916?
2, 3, 17, 51593
List the prime factors of 122145.
3, 5, 17, 479
List the prime factors of 30038229.
3, 13, 29, 227
List the prime factors of 2692024.
2, 336503
List the prime factors of 5680174.
2, 2840087
What are the prime factors of 11408038?
2, 53, 281, 383
List the prime factors of 37974.
2, 3, 6329
List the prime factors of 8415565.
5, 1683113
List the prime factors of 9619850.
2, 5, 421, 457
List the prime factors of 510115.
5, 102023
What are the prime factors of 64987?
13, 4999
